mmon factor of 462 and 1562.
22
Calculate the greatest common factor of 720 and 882.
18
Calculate the greatest common factor of 8076 and 6.
6
What is the greatest common factor of 2924 and 68?
68
What is the highest common factor of 2175 and 50?
25
Calculate the highest common divisor of 15 and 3165.
15
Calculate the greatest common factor of 1 and 61.
1
What is the highest common factor of 14 and 35?
7
What is the highest common factor of 183 and 671?
61
Calculate the greatest common divisor of 804 and 504.
12
What is the highest common divisor of 80 and 2320?
80
Calculate the greatest common divisor of 10 and 52730.
10
What is the greatest common divisor of 768 and 8?
8
Calculate the highest common divisor of 28896 and 1008.
336
What is the greatest common factor of 341 and 93?
31
What is the greatest common factor of 2946 and 12?
6
What is the greatest common divisor of 1358 and 70?
14
What is the greatest common divisor of 1078 and 77?
77
Calculate the greatest common factor of 16014 and 102.
102
Calculate the greatest common factor of 1334 and 58.
58
Calculate the greatest common factor of 6 and 6.
6
Calculate the highest common divisor of 270 and 4.
2
What is the highest common divisor of 11206 and 104?
26
Calculate the highest common divisor of 567 and 63.
63
Calculate the greatest common factor of 13 and 689.
13
What is the highest common factor of 279 and 63?
9
What is the greatest common divisor of 114 and 7258?
38
What is the highest common divisor of 15593 and 124?
31
Calculate the highest common factor of 34 and 2771.
17
Calculate the greatest common divisor of 2 and 107.
1
Calculate the highest common divisor of 585 and 39.
39
Calculate the highest common factor of 20 and 68570.
10
What is the highest common divisor of 72 and 120?
24
What is the greatest common factor of 64 and 1376?
32
Calculate the greatest common divisor of 624 and 117.
39
What is the greatest common factor of 30 and 30210?
30
What is the highest common factor of 414 and 2277?
207
What is the greatest common factor of 316 and 8?
4
What is the greatest common factor of 3120 and 432?
48
Calculate the highest common factor of 1261 and 97.
97
Calculate the highest common divisor of 10 and 400.
10
Calculate the greatest common factor of 2625 and 90.
15
What is the highest common divisor of 325 and 75?
25
Calculate the highest common divisor of 297 and 726.
33
Calculate the highest common divisor of 276 and 24.
12
Calculate the greatest common divisor of 104 and 15496.
104
What is the greatest common factor of 99 and 144?
9
What is the highest common factor of 39 and 4316?
13
What is the highest common factor of 3951 and 45?
9
What is the highest common divisor of 130 and 505?
5
What is the highest common factor of 9867 and 552?
69
Calculate the greatest common factor of 141 and 235.
47
What is the highest common factor of 72 and 2232?
72
Calculate the greatest common factor of 2312 and 102.
34
What is the highest common factor of 180 and 1140?
60
Calculate the greatest common divisor of 292 and 4.
4
Calculate the highest common factor of 2720 and 1530.
170
Calculate the highest common divisor of 938 and 56.
14
What is the highest common factor of 609 and 42?
21
Calculate the greatest common factor of 2 and 3378.
2
Calculate the greatest common divisor of 120 and 330.
30
Calculate the greatest common divisor of 44 and 11.
11
What is the highest common factor of 1271 and 123?
41
What is the greatest common divisor of 630 and 420?
210
What is the highest common factor of 7997 and 11?
11
What is the greatest common factor of 42 and 42?
42
What is the greatest common factor of 8 and 5384?
8
What is the greatest common factor of 6 and 55758?
6
Calculate the greatest common divisor of 4 and 284.
4
What is the greatest common factor of 966 and 336?
42
What is the highest common factor of 279 and 4929?
93
What is the highest common factor of 465 and 651?
93
Calculate the greatest common divisor of 300 and 90.
30
What is the greatest common divisor of 888 and 24?
24
What is the highest common divisor of 1630 and 170?
10
Calculate the greatest common factor of 56 and 1603.
7
What is the greatest common factor of 272 and 1462?
34
What is the greatest common factor of 1393 and 21?
7
Calculate the highest common factor of 5213 and 13.
13
Calculate the highest common divisor of 817 and 171.
19
What is the highest common factor of 544 and 10064?
272
Calculate the highest common factor of 15 and 45.
15
Calculate the highest common factor of 500 and 600.
100
Calculate the greatest common divisor of 1817 and 92.
23
Calculate the greatest common factor of 465 and 10.
5
What is the greatest common factor of 123 and 533?
41
Calculate the greatest common factor of 10270 and 390.
130
Calculate the highest common factor of 602 and 42.
14
Calculate the highest common factor of 12 and 1572.
12
Calculate the highest common factor of 46 and 6.
2
Calculate the greatest common factor of 2110 and 10.
10
What is the greatest common factor of 18 and 9?
9
What is the highest common divisor of 64 and 1304?
8
Calculate the greatest common factor of 920 and 320.
40
What is the highest common factor of 22 and 156?
2
What is the greatest common divisor of 170 and 1615?
85
What is the highest common divisor of 142 and 2343?
71
What is the highest common divisor of 108 and 360?
36
Calculate the greatest common factor of 126 and 6174.
126
What is the greatest common factor of 3140 and 100?
20
What is the highest common factor of 3888 and 16?
16
What is the highest common divisor of 65 and 247?
13
Calculate the highest common divisor of 30 and 405.
15
What is the greatest common factor of 1155 and 105?
105
What is the greatest common factor of 168 and 1092?
84
What is the greatest common factor of 5600 and 32?
32
What is the highest common divisor of 22 and 18?
2
What is the highest common factor of 152 and 280?
8
Calculate the greatest common factor of 36 and 2151.
9
Calculate the greatest common factor of 840 and 798.
42
What is the greatest common factor of 406 and 140?
14
Calculate the greatest common divisor of 100 and 225.
25
Calculate the highest common factor of 336 and 51.
3
Calculate the greatest common divisor of 5 and 82.
1
Calculate the highest common divisor of 53 and 16483.
53
What is the highest common divisor of 133 and 57?
19
Calculate the highest common divisor of 1388 and 4.
4
Calculate the greatest common factor of 11 and 1397.
11
What is the highest common divisor of 1089 and 891?
99
Calculate the highest common divisor of 420 and 350.
70
Calculate the highest common divisor of 5 and 37645.
5
Calculate the greatest common divisor of 11 and 7271.
11
What is the greatest common divisor of 793 and 122?
61
Calculate the highest common divisor of 416 and 28808.
104
What is the greatest common divisor of 2 and 6176?
2
What is the highest common factor of 6250 and 1625?
125
What is the greatest common factor of 792 and 84?
12
What is the greatest common divisor of 2835 and 9?
9
Calculate the greatest common factor of 1122 and 132.
66
What is the highest common divisor of 64 and 1888?
32
What is the greatest common divisor of 276 and 1272?
12
Calculate the greatest common factor of 14 and 4.
2
Calculate the highest common factor of 227 and 1135.
227
What is the greatest common divisor of 728 and 65?
13
What is the highest common factor of 106 and 2?
2
What is the highest common factor of 2068 and 33?
11
Calculate the highest common divisor of 11 and 88.
11
What is the greatest common factor of 1368 and 360?
72
Calculate the greatest common divisor of 3893 and 17.
17
What is the highest common factor of 585 and 2145?
195
What is the greatest common divisor of 700 and 210?
70
What is the greatest common divisor of 390 and 150?
30
What is the highest common divisor of 105061 and 11?
11
Calculate the highest common divisor of 290 and 29.
29
What is the greatest common factor of 1356 and 12?
12
Calculate the greatest common divisor of 620 and 341.
31
Calculate the greatest common factor of 218 and 327.
109
What is the highest common divisor of 34 and 13549?
17
Calculate the greatest common divisor of 12 and 129.
3
Calculate the highest common factor of 126 and 56.
14
What is the highest common 